{"id":2634,"date":"2018-10-21T10:50:43","date_gmt":"2018-10-21T10:50:43","guid":{"rendered":"http:\/\/zircimanufaktura.hu\/?page_id=2634"},"modified":"2024-11-14T11:10:30","modified_gmt":"2024-11-14T09:10:30","slug":"hol-kaphato","status":"publish","type":"page","link":"https:\/\/zircimanufaktura.hu\/index.php\/hol-kaphato\/","title":{"rendered":"Hol kaphato"},"content":{"rendered":"[vc_row full_width=\"stretch_row\" parallax=\"content-moving\" parallax_image=\"2663\" parallax_speed_bg=\"2\" el_id=\"hol-kapahato-parallax\" css=\".vc_custom_1540202048633{background-image: url(http:\/\/zircimanufaktura.hu\/wp-content\/uploads\/2018\/10\/bg_hol_kaphato2-1.jpg?id=2663) !important;}\"][vc_column][vc_empty_space height=\"200px\"][vc_column_text]\r\n<h1 style=\"text-align: center;\"><span style=\"color: #b4875e; font-family: chonburi;\">HOL KAPHAT\u00d3?<\/span><\/h1>\r\n[\/vc_column_text][vc_empty_space height=\"150px\"][\/vc_column][\/vc_row][vc_row full_width=\"stretch_row\" parallax=\"content-moving\" parallax_image=\"2727\" parallax_speed_bg=\"2\" el_id=\"hol-kaphato-bevezeto\" css=\".vc_custom_1576511544699{background-image: url(http:\/\/zircimanufaktura.hu\/wp-content\/uploads\/2018\/10\/bg_hol_kaphato_terkep_bg.jpg?id=2727) !important;}\"][vc_column][vc_empty_space height=\"20px\"][vc_column_text]\r\n<ul>\r\n \t<li>Ap\u00e1ts\u00e1gi S\u00f6rh\u00e1z 1735; 8420 Zirc, R\u00e1k\u00f3czi t\u00e9r 1.<\/li>\r\n \t<li>Zirc Ciszterci Ap\u00e1ts\u00e1g - L\u00e1togat\u00f3k\u00f6zpont; 8720 Zirc, R\u00e1k\u00f3czi t\u00e9r 1.<\/li>\r\n \t<li>A Borh\u00e1l\u00f3 web\u00e1ruh\u00e1zban - <a href=\"http:\/\/www.borhalo.hu\">www.borhalo.hu<\/a><\/li>\r\n \t<li>Tihany Market - Tihany<\/li>\r\n \t<li>Tihany Caffe &amp; Snack - Tihany<\/li>\r\n \t<li>Valami Aj\u00e1nd\u00e9k - Tihany<\/li>\r\n \t<li>Magyaros Bolt - Tihany<\/li>\r\n \t<li>Lev&amp;ula Market Kft. - Budapest<\/li>\r\n<\/ul>\r\n[\/vc_column_text][\/vc_column][\/vc_row]","protected":false},"excerpt":{"rendered":"<p>[vc_row full_width=&#8221;stretch_row&#8221; parallax=&#8221;content-moving&#8221; parallax_image=&#8221;2663&#8243; parallax_speed_bg=&#8221;2&#8243; el_id=&#8221;hol-kapahato-parallax&#8221; css=&#8221;.vc_custom_1540202048633{background-image: url(http:\/\/zircimanufaktura.hu\/wp-content\/uploads\/2018\/10\/bg_hol_kaphato2-1.jpg?id=2663) !important;}&#8221;][vc_column][vc_empty_space height=&#8221;200px&#8221;][vc_column_text] HOL KAPHAT\u00d3? [\/vc_column_text][vc_empty_space height=&#8221;150px&#8221;][\/vc_column][\/vc_row][vc_row full_width=&#8221;stretch_row&#8221; parallax=&#8221;content-moving&#8221; parallax_image=&#8221;2727&#8243; parallax_speed_bg=&#8221;2&#8243; el_id=&#8221;hol-kaphato-bevezeto&#8221; css=&#8221;.vc_custom_1576511544699{background-image: url(http:\/\/zircimanufaktura.hu\/wp-content\/uploads\/2018\/10\/bg_hol_kaphato_terkep_bg.jpg?id=2727) !important;}&#8221;][vc_column][vc_empty_space height=&#8221;20px&#8221;][vc_column_text] Ap\u00e1ts\u00e1gi S\u00f6rh\u00e1z 1735; 8420 Zirc, R\u00e1k\u00f3czi t\u00e9r 1. Zirc Ciszterci Ap\u00e1ts\u00e1g &#8211; L\u00e1togat\u00f3k\u00f6zpont; 8720 Zirc, R\u00e1k\u00f3czi t\u00e9r 1. A Borh\u00e1l\u00f3 web\u00e1ruh\u00e1zban &#8211; www.borhalo.hu Tihany Market &#8211; Tihany [&hellip;]<\/p>\n","protected":false},"author":2,"featured_media":0,"parent":0,"menu_order":0,"comment_status":"closed","ping_status":"closed","template":"","meta":{"footnotes":""},"_links":{"self":[{"href":"https:\/\/zircimanufaktura.hu\/index.php\/wp-json\/wp\/v2\/pages\/2634"}],"collection":[{"href":"https:\/\/zircimanufaktura.hu\/index.php\/wp-json\/wp\/v2\/pages"}],"about":[{"href":"https:\/\/zircimanufaktura.hu\/index.php\/wp-json\/wp\/v2\/types\/page"}],"author":[{"embeddable":true,"href":"https:\/\/zircimanufaktura.hu\/index.php\/wp-json\/wp\/v2\/users\/2"}],"replies":[{"embeddable":true,"href":"https:\/\/zircimanufaktura.hu\/index.php\/wp-json\/wp\/v2\/comments?post=2634"}],"version-history":[{"count":33,"href":"https:\/\/zircimanufaktura.hu\/index.php\/wp-json\/wp\/v2\/pages\/2634\/revisions"}],"predecessor-version":[{"id":3103,"href":"https:\/\/zircimanufaktura.hu\/index.php\/wp-json\/wp\/v2\/pages\/2634\/revisions\/3103"}],"wp:attachment":[{"href":"https:\/\/zircimanufaktura.hu\/index.php\/wp-json\/wp\/v2\/media?parent=2634"}],"curies":[{"name":"wp","href":"https:\/\/api.w.org\/{rel}","templated":true}]}}